{"id":440,"date":"2024-10-26T14:40:14","date_gmt":"2024-10-26T12:40:14","guid":{"rendered":"https:\/\/dfmceramique.fr\/?page_id=440"},"modified":"2025-03-31T21:37:52","modified_gmt":"2025-03-31T19:37:52","slug":"apropos","status":"publish","type":"page","link":"https:\/\/dfmceramique.fr\/index.php\/apropos\/","title":{"rendered":"Apropos"},"content":{"rendered":"\n<div class=\"wp-block-group has-global-padding is-layout-constrained wp-container-core-group-is-layout-191efd91 wp-block-group-is-layout-constrained\" style=\"padding-top:0px;padding-bottom:0px\">\n<div style=\"height:9px\" aria-hidden=\"true\" class=\"wp-block-spacer\"><\/div>\n\n\n\n<p class=\"has-text-align-center has-text-color has-link-color wp-elements-f74ec16fcdd417d91b99a34a8f1107fc\" style=\"color:#767676;padding-top:var(--wp--preset--spacing--10);padding-bottom:var(--wp--preset--spacing--10)\">Atelier \u00e0 Mont\u00e9limar (Dr\u00f4me, France)<\/p>\n\n\n\n<figure class=\"wp-block-image size-large\"><img loading=\"lazy\" decoding=\"async\" width=\"1024\" height=\"489\" src=\"https:\/\/dfmceramique.fr\/wp-content\/uploads\/2024\/10\/atelier_1NB-1024x489.jpg\" alt=\"\" class=\"wp-image-444\" srcset=\"https:\/\/dfmceramique.fr\/wp-content\/uploads\/2024\/10\/atelier_1NB-1024x489.jpg 1024w, https:\/\/dfmceramique.fr\/wp-content\/uploads\/2024\/10\/atelier_1NB-300x143.jpg 300w, https:\/\/dfmceramique.fr\/wp-content\/uploads\/2024\/10\/atelier_1NB-768x367.jpg 768w, https:\/\/dfmceramique.fr\/wp-content\/uploads\/2024\/10\/atelier_1NB.jpg 1257w\" sizes=\"auto, (max-width: 1024px) 100vw, 1024px\" \/><\/figure>\n\n\n\n<div class=\"wp-block-columns is-layout-flex wp-container-core-columns-is-layout-28f84493 wp-block-columns-is-layout-flex\">\n<div class=\"wp-block-column is-layout-flow wp-block-column-is-layout-flow\" style=\"flex-basis:2%\"><\/div>\n\n\n\n<div class=\"wp-block-column is-layout-flow wp-block-column-is-layout-flow\" style=\"flex-basis:40%\">\n<div style=\"height:13px\" aria-hidden=\"true\" class=\"wp-block-spacer\"><\/div>\n\n\n\n<figure class=\"wp-block-image size-full is-resized\"><img loading=\"lazy\" decoding=\"async\" width=\"1112\" height=\"464\" src=\"https:\/\/dfmceramique.fr\/wp-content\/uploads\/2025\/03\/atelier_3.jpg\" alt=\"\" class=\"wp-image-834\" style=\"width:411px;height:auto\" srcset=\"https:\/\/dfmceramique.fr\/wp-content\/uploads\/2025\/03\/atelier_3.jpg 1112w, https:\/\/dfmceramique.fr\/wp-content\/uploads\/2025\/03\/atelier_3-300x125.jpg 300w, https:\/\/dfmceramique.fr\/wp-content\/uploads\/2025\/03\/atelier_3-1024x427.jpg 1024w, https:\/\/dfmceramique.fr\/wp-content\/uploads\/2025\/03\/atelier_3-768x320.jpg 768w\" sizes=\"auto, (max-width: 1112px) 100vw, 1112px\" \/><\/figure>\n<\/div>\n\n\n\n<div class=\"wp-block-column is-layout-flow wp-block-column-is-layout-flow\" style=\"flex-basis:6%\"><\/div>\n\n\n\n<div class=\"wp-block-column is-layout-flow wp-block-column-is-layout-flow\" style=\"flex-basis:50%\">\n<figure class=\"wp-block-image aligncenter size-large\"><img loading=\"lazy\" decoding=\"async\" width=\"1024\" height=\"447\" src=\"https:\/\/dfmceramique.fr\/wp-content\/uploads\/2025\/03\/atelier_4-1024x447.jpg\" alt=\"\" class=\"wp-image-835\" style=\"object-fit:cover\" srcset=\"https:\/\/dfmceramique.fr\/wp-content\/uploads\/2025\/03\/atelier_4-1024x447.jpg 1024w, https:\/\/dfmceramique.fr\/wp-content\/uploads\/2025\/03\/atelier_4-300x131.jpg 300w, https:\/\/dfmceramique.fr\/wp-content\/uploads\/2025\/03\/atelier_4-768x335.jpg 768w, https:\/\/dfmceramique.fr\/wp-content\/uploads\/2025\/03\/atelier_4.jpg 1063w\" sizes=\"auto, (max-width: 1024px) 100vw, 1024px\" \/><\/figure>\n<\/div>\n\n\n\n<div class=\"wp-block-column is-layout-flow wp-block-column-is-layout-flow\" style=\"flex-basis:2%\"><\/div>\n<\/div>\n\n\n\n<figure class=\"wp-block-image size-full\"><img loading=\"lazy\" decoding=\"async\" width=\"1285\" height=\"1000\" src=\"https:\/\/dfmceramique.fr\/wp-content\/uploads\/2025\/03\/atelier_1.jpg\" alt=\"\" class=\"wp-image-827\" srcset=\"https:\/\/dfmceramique.fr\/wp-content\/uploads\/2025\/03\/atelier_1.jpg 1285w, https:\/\/dfmceramique.fr\/wp-content\/uploads\/2025\/03\/atelier_1-300x233.jpg 300w, https:\/\/dfmceramique.fr\/wp-content\/uploads\/2025\/03\/atelier_1-1024x797.jpg 1024w, https:\/\/dfmceramique.fr\/wp-content\/uploads\/2025\/03\/atelier_1-768x598.jpg 768w\" sizes=\"auto, (max-width: 1285px) 100vw, 1285px\" \/><\/figure>\n\n\n\n<div class=\"wp-block-columns is-layout-flex wp-container-core-columns-is-layout-28f84493 wp-block-columns-is-layout-flex\">\n<div class=\"wp-block-column is-layout-flow wp-block-column-is-layout-flow\" style=\"flex-basis:15%\"><\/div>\n\n\n\n<div class=\"wp-block-column is-layout-flow wp-block-column-is-layout-flow\" style=\"padding-right:60px;padding-left:60px\"><\/div>\n\n\n\n<div class=\"wp-block-column is-layout-flow wp-block-column-is-layout-flow\" style=\"flex-basis:15%\"><\/div>\n<\/div>\n<\/div>\n\n\n\n<p><\/p>\n","protected":false},"excerpt":{"rendered":"<p>Atelier \u00e0 Mont\u00e9limar (Dr\u00f4me, France)<\/p>\n","protected":false},"author":1,"featured_media":0,"parent":0,"menu_order":0,"comment_status":"closed","ping_status":"closed","template":"","meta":{"footnotes":""},"class_list":["post-440","page","type-page","status-publish","hentry"],"_links":{"self":[{"href":"https:\/\/dfmceramique.fr\/index.php\/wp-json\/wp\/v2\/pages\/440","targetHints":{"allow":["GET"]}}],"collection":[{"href":"https:\/\/dfmceramique.fr\/index.php\/wp-json\/wp\/v2\/pages"}],"about":[{"href":"https:\/\/dfmceramique.fr\/index.php\/wp-json\/wp\/v2\/types\/page"}],"author":[{"embeddable":true,"href":"https:\/\/dfmceramique.fr\/index.php\/wp-json\/wp\/v2\/users\/1"}],"replies":[{"embeddable":true,"href":"https:\/\/dfmceramique.fr\/index.php\/wp-json\/wp\/v2\/comments?post=440"}],"version-history":[{"count":23,"href":"https:\/\/dfmceramique.fr\/index.php\/wp-json\/wp\/v2\/pages\/440\/revisions"}],"predecessor-version":[{"id":1055,"href":"https:\/\/dfmceramique.fr\/index.php\/wp-json\/wp\/v2\/pages\/440\/revisions\/1055"}],"wp:attachment":[{"href":"https:\/\/dfmceramique.fr\/index.php\/wp-json\/wp\/v2\/media?parent=440"}],"curies":[{"name":"wp","href":"https:\/\/api.w.org\/{rel}","templated":true}]}}